{"id":7268,"date":"2024-07-10T17:43:41","date_gmt":"2024-07-10T15:43:41","guid":{"rendered":"http:\/\/archipa.cluster031.hosting.ovh.net\/littoral\/?page_id=7268"},"modified":"2024-08-12T14:00:46","modified_gmt":"2024-08-12T12:00:46","slug":"mentions-legales","status":"publish","type":"page","link":"https:\/\/essrhumatologie.fr\/littoral\/mentions-legales\/","title":{"rendered":"Mentions l\u00e9gales"},"content":{"rendered":"[vc_row type=\u00a0\u00bbin_container\u00a0\u00bb full_screen_row_position=\u00a0\u00bbmiddle\u00a0\u00bb column_margin=\u00a0\u00bbdefault\u00a0\u00bb column_direction=\u00a0\u00bbdefault\u00a0\u00bb column_direction_tablet=\u00a0\u00bbdefault\u00a0\u00bb column_direction_phone=\u00a0\u00bbdefault\u00a0\u00bb scene_position=\u00a0\u00bbcenter\u00a0\u00bb text_color=\u00a0\u00bbdark\u00a0\u00bb text_align=\u00a0\u00bbleft\u00a0\u00bb row_border_radius=\u00a0\u00bbnone\u00a0\u00bb row_border_radius_applies=\u00a0\u00bbbg\u00a0\u00bb overflow=\u00a0\u00bbvisible\u00a0\u00bb overlay_strength=\u00a0\u00bb0.3&Prime; gradient_direction=\u00a0\u00bbleft_to_right\u00a0\u00bb shape_divider_position=\u00a0\u00bbbottom\u00a0\u00bb bg_image_animation=\u00a0\u00bbnone\u00a0\u00bb][vc_column column_padding=\u00a0\u00bbno-extra-padding\u00a0\u00bb column_padding_tablet=\u00a0\u00bbinherit\u00a0\u00bb column_padding_phone=\u00a0\u00bbinherit\u00a0\u00bb column_padding_position=\u00a0\u00bball\u00a0\u00bb column_element_direction_desktop=\u00a0\u00bbdefault\u00a0\u00bb column_element_spacing=\u00a0\u00bbdefault\u00a0\u00bb desktop_text_alignment=\u00a0\u00bbdefault\u00a0\u00bb tablet_text_alignment=\u00a0\u00bbdefault\u00a0\u00bb phone_text_alignment=\u00a0\u00bbdefault\u00a0\u00bb background_color_opacity=\u00a0\u00bb1&Prime; background_hover_color_opacity=\u00a0\u00bb1&Prime; column_backdrop_filter=\u00a0\u00bbnone\u00a0\u00bb column_shadow=\u00a0\u00bbnone\u00a0\u00bb column_border_radius=\u00a0\u00bbnone\u00a0\u00bb column_link_target=\u00a0\u00bb_self\u00a0\u00bb column_position=\u00a0\u00bbdefault\u00a0\u00bb gradient_direction=\u00a0\u00bbleft_to_right\u00a0\u00bb overlay_strength=\u00a0\u00bb0.3&Prime; width=\u00a0\u00bb1\/1&Prime; tablet_width_inherit=\u00a0\u00bbdefault\u00a0\u00bb animation_type=\u00a0\u00bbdefault\u00a0\u00bb bg_image_animation=\u00a0\u00bbnone\u00a0\u00bb border_type=\u00a0\u00bbsimple\u00a0\u00bb column_border_width=\u00a0\u00bbnone\u00a0\u00bb column_border_style=\u00a0\u00bbsolid\u00a0\u00bb][vc_column_text text_direction=\u00a0\u00bbdefault\u00a0\u00bb]\n<h3>MENTIONS L\u00c9GALES<\/h3>\n<p>Derni\u00e8re mise \u00e0 jour : 10 juillet 2024<\/p>\n<p>Vous pouvez \u00e9galement consulter nos\u00a0<a href=\"http:\/\/archipa.cluster031.hosting.ovh.net\/littoral\/index.php\/conditions-generales\/\"><strong>CGU<\/strong>\u00a0<\/a>et notre\u00a0<a href=\"http:\/\/archipa.cluster031.hosting.ovh.net\/littoral\/index.php\/politique-de-cookies-ue\/\"><strong>Politique de cookies<\/strong><\/a>.<\/p>\n<p>&nbsp;<\/p>\n<h3>TITULAIRE ET RESPONSABLE DU SITE<\/h3>\n<p><strong><img loading=\"lazy\" decoding=\"async\" class=\"wp-image-8004 alignnone\" src=\"https:\/\/essrhumatologie.fr\/littoral\/wp-content\/uploads\/2024\/08\/DEF-CARRE1-e1723463668458.png\" alt=\"\" width=\"194\" height=\"129\" srcset=\"https:\/\/essrhumatologie.fr\/littoral\/wp-content\/uploads\/2024\/08\/DEF-CARRE1-e1723463668458.png 1037w, https:\/\/essrhumatologie.fr\/littoral\/wp-content\/uploads\/2024\/08\/DEF-CARRE1-e1723463668458-300x200.png 300w, https:\/\/essrhumatologie.fr\/littoral\/wp-content\/uploads\/2024\/08\/DEF-CARRE1-e1723463668458-1024x683.png 1024w, https:\/\/essrhumatologie.fr\/littoral\/wp-content\/uploads\/2024\/08\/DEF-CARRE1-e1723463668458-768x512.png 768w, https:\/\/essrhumatologie.fr\/littoral\/wp-content\/uploads\/2024\/08\/DEF-CARRE1-e1723463668458-600x403.png 600w, https:\/\/essrhumatologie.fr\/littoral\/wp-content\/uploads\/2024\/08\/DEF-CARRE1-e1723463668458-900x600.png 900w, https:\/\/essrhumatologie.fr\/littoral\/wp-content\/uploads\/2024\/08\/DEF-CARRE1-e1723463668458-400x269.png 400w\" sizes=\"auto, (max-width: 194px) 100vw, 194px\" \/><\/strong><\/p>\n<p><strong>Archipel Communication<\/strong><\/p>\n<p>943 AVENUE FERDINAND ARNAUD<\/p>\n<p>13850 GREASQUE<\/p>\n<p>SIRET : 94983484000017<\/p>\n<p>archipel.communication@gmail.com<\/p>\n<p>tel : 06 73 79 60 11<\/p>\n<p>&nbsp;<\/p>\n<h3>OBJET DU SITE<\/h3>\n<p>Ce site (le \u00ab\u00a0<strong>Site<\/strong> \u00bb) est con\u00e7u \u00e0 titre purement informatif et est destin\u00e9 \u00e0 tout type de public, et pr\u00e9f\u00e9rentiellement aux professionnels de sant\u00e9 concern\u00e9s par la rhumatologie.<\/p>\n<p>Les informations fournies sur le Site sont destin\u00e9es \u00e0 am\u00e9liorer l&rsquo;offre de soins dans les Bouches-du-Rh\u00f4ne, pour les patients atteints de certaines affections.<\/p>\n<p>L\u2019acc\u00e8s au Site est gratuit afin de fournir des informations pratiques sur le fonctionnement de l&rsquo;<strong>association ESS Rhumatologie du Littoral<\/strong> ainsi que d&rsquo;offrir des possibilit\u00e9s de consultations rapides pour les patients \u00e9ligibles.<\/p>\n<p>&nbsp;<\/p>\n<h3>\u00c9DITEUR ET H\u00c9BERGEUR DU SITE<\/h3>\n<p><strong>Cr\u00e9ation, design, fonctionnalit\u00e9s<\/strong> :<\/p>\n<p><strong>Jos\u00e9 Escudero<\/strong>, pour Archipel Communication<\/p>\n<p>archipel.communication@gmail.com<\/p>\n<p>&nbsp;<\/p>\n<p><strong>Nom, d\u00e9nomination ou raison sociale et adresse et num\u00e9ro de t\u00e9l\u00e9phone de l&rsquo;h\u00e9bergeur du Site :<\/strong><\/p>\n<div class=\"otds-text\">\n<p class=\"odss-text__heading mb-3\"><strong>OVH SAS<\/strong><br \/>\nRegistre du commerce et des soci\u00e9t\u00e9s (RCS) Lille M\u00e9tropole 424 761 419 00045<br \/>\nNomenclature APE 2620Z<br \/>\nNum\u00e9ro de TVA : FR 22 424 761 419<\/p>\n<p class=\"odss-text__heading mb-3\">Si\u00e8ge Social de l\u2019h\u00e9bergeur :<\/p>\n<p class=\"odss-text__heading mb-3\">2 rue Kellermann<\/p>\n<p class=\"odss-text__heading mb-3\">59100 Roubaix \u2013 France<\/p>\n<\/div>\n<div class=\"otds-text\">\n<p>&nbsp;<\/p>\n<\/div>\n<h3>PUBLICIT\u00c9<\/h3>\n<p>Le Site :<\/p>\n<p>\u2022 n\u2019accueille aucune forme de publicit\u00e9 ;<\/p>\n<p>\u2022 contient des informations qui ne constituent en aucune mani\u00e8re une forme de publicit\u00e9 ;<\/p>\n<p>\u2022 ne constitue en aucun cas un d\u00e9marchage.[\/vc_column_text][\/vc_column][\/vc_row]\n","protected":false},"excerpt":{"rendered":"<p>[vc_row type=\u00a0\u00bbin_container\u00a0\u00bb full_screen_row_position=\u00a0\u00bbmiddle\u00a0\u00bb column_margin=\u00a0\u00bbdefault\u00a0\u00bb column_direction=\u00a0\u00bbdefault\u00a0\u00bb column_direction_tablet=\u00a0\u00bbdefault\u00a0\u00bb column_direction_phone=\u00a0\u00bbdefault\u00a0\u00bb scene_position=\u00a0\u00bbcenter\u00a0\u00bb text_color=\u00a0\u00bbdark\u00a0\u00bb text_align=\u00a0\u00bbleft\u00a0\u00bb row_border_radius=\u00a0\u00bbnone\u00a0\u00bb row_border_radius_applies=\u00a0\u00bbbg\u00a0\u00bb overflow=\u00a0\u00bbvisible\u00a0\u00bb overlay_strength=\u00a0\u00bb0.3&Prime; gradient_direction=\u00a0\u00bbleft_to_right\u00a0\u00bb shape_divider_position=\u00a0\u00bbbottom\u00a0\u00bb bg_image_animation=\u00a0\u00bbnone\u00a0\u00bb][vc_column column_padding=\u00a0\u00bbno-extra-padding\u00a0\u00bb column_padding_tablet=\u00a0\u00bbinherit\u00a0\u00bb column_padding_phone=\u00a0\u00bbinherit\u00a0\u00bb column_padding_position=\u00a0\u00bball\u00a0\u00bb column_element_direction_desktop=\u00a0\u00bbdefault\u00a0\u00bb column_element_spacing=\u00a0\u00bbdefault\u00a0\u00bb desktop_text_alignment=\u00a0\u00bbdefault\u00a0\u00bb tablet_text_alignment=\u00a0\u00bbdefault\u00a0\u00bb phone_text_alignment=\u00a0\u00bbdefault\u00a0\u00bb background_color_opacity=\u00a0\u00bb1&Prime; background_hover_color_opacity=\u00a0\u00bb1&Prime; column_backdrop_filter=\u00a0\u00bbnone\u00a0\u00bb column_shadow=\u00a0\u00bbnone\u00a0\u00bb column_border_radius=\u00a0\u00bbnone\u00a0\u00bb column_link_target=\u00a0\u00bb_self\u00a0\u00bb column_position=\u00a0\u00bbdefault\u00a0\u00bb gradient_direction=\u00a0\u00bbleft_to_right\u00a0\u00bb overlay_strength=\u00a0\u00bb0.3&Prime; width=\u00a0\u00bb1\/1&Prime; tablet_width_inherit=\u00a0\u00bbdefault\u00a0\u00bb animation_type=\u00a0\u00bbdefault\u00a0\u00bb bg_image_animation=\u00a0\u00bbnone\u00a0\u00bb border_type=\u00a0\u00bbsimple\u00a0\u00bb column_border_width=\u00a0\u00bbnone\u00a0\u00bb column_border_style=\u00a0\u00bbsolid\u00a0\u00bb][vc_column_text text_direction=\u00a0\u00bbdefault\u00a0\u00bb] MENTIONS L\u00c9GALES&#8230;<\/p>\n","protected":false},"author":1,"featured_media":0,"parent":0,"menu_order":0,"comment_status":"closed","ping_status":"closed","template":"","meta":{"_EventAllDay":false,"_EventTimezone":"","_EventStartDate":"","_EventEndDate":"","_EventStartDateUTC":"","_EventEndDateUTC":"","_EventShowMap":false,"_EventShowMapLink":false,"_EventURL":"","_EventCost":"","_EventCostDescription":"","_EventCurrencySymbol":"","_EventCurrencyCode":"","_EventCurrencyPosition":"","_EventDateTimeSeparator":"","_EventTimeRangeSeparator":"","_EventOrganizerID":[],"_EventVenueID":[],"_OrganizerEmail":"","_OrganizerPhone":"","_OrganizerWebsite":"","_VenueAddress":"","_VenueCity":"","_VenueCountry":"","_VenueProvince":"","_VenueState":"","_VenueZip":"","_VenuePhone":"","_VenueURL":"","_VenueStateProvince":"","_VenueLat":"","_VenueLng":"","_VenueShowMap":false,"_VenueShowMapLink":false,"footnotes":""},"class_list":["post-7268","page","type-page","status-publish"],"yoast_head":"<!-- This site is optimized with the Yoast SEO plugin v27.4 - https:\/\/yoast.com\/product\/yoast-seo-wordpress\/ -->\n<title>Mentions l\u00e9gales - ESS Rhumatologie du Littoral<\/title>\n<meta name=\"robots\" content=\"index, follow, max-snippet:-1, max-image-preview:large, max-video-preview:-1\" \/>\n<link rel=\"canonical\" href=\"https:\/\/essrhumatologie.fr\/littoral\/mentions-legales\/\" \/>\n<meta property=\"og:locale\" content=\"fr_FR\" \/>\n<meta property=\"og:type\" content=\"article\" \/>\n<meta property=\"og:title\" content=\"Mentions l\u00e9gales - ESS Rhumatologie du Littoral\" \/>\n<meta property=\"og:description\" content=\"[vc_row type=\u00a0\u00bbin_container\u00a0\u00bb full_screen_row_position=\u00a0\u00bbmiddle\u00a0\u00bb column_margin=\u00a0\u00bbdefault\u00a0\u00bb column_direction=\u00a0\u00bbdefault\u00a0\u00bb column_direction_tablet=\u00a0\u00bbdefault\u00a0\u00bb column_direction_phone=\u00a0\u00bbdefault\u00a0\u00bb scene_position=\u00a0\u00bbcenter\u00a0\u00bb text_color=\u00a0\u00bbdark\u00a0\u00bb text_align=\u00a0\u00bbleft\u00a0\u00bb row_border_radius=\u00a0\u00bbnone\u00a0\u00bb row_border_radius_applies=\u00a0\u00bbbg\u00a0\u00bb overflow=\u00a0\u00bbvisible\u00a0\u00bb overlay_strength=\u00a0\u00bb0.3&Prime; gradient_direction=\u00a0\u00bbleft_to_right\u00a0\u00bb shape_divider_position=\u00a0\u00bbbottom\u00a0\u00bb bg_image_animation=\u00a0\u00bbnone\u00a0\u00bb][vc_column column_padding=\u00a0\u00bbno-extra-padding\u00a0\u00bb column_padding_tablet=\u00a0\u00bbinherit\u00a0\u00bb column_padding_phone=\u00a0\u00bbinherit\u00a0\u00bb column_padding_position=\u00a0\u00bball\u00a0\u00bb column_element_direction_desktop=\u00a0\u00bbdefault\u00a0\u00bb column_element_spacing=\u00a0\u00bbdefault\u00a0\u00bb desktop_text_alignment=\u00a0\u00bbdefault\u00a0\u00bb tablet_text_alignment=\u00a0\u00bbdefault\u00a0\u00bb phone_text_alignment=\u00a0\u00bbdefault\u00a0\u00bb background_color_opacity=\u00a0\u00bb1&Prime; background_hover_color_opacity=\u00a0\u00bb1&Prime; column_backdrop_filter=\u00a0\u00bbnone\u00a0\u00bb column_shadow=\u00a0\u00bbnone\u00a0\u00bb column_border_radius=\u00a0\u00bbnone\u00a0\u00bb column_link_target=\u00a0\u00bb_self\u00a0\u00bb column_position=\u00a0\u00bbdefault\u00a0\u00bb gradient_direction=\u00a0\u00bbleft_to_right\u00a0\u00bb overlay_strength=\u00a0\u00bb0.3&Prime; width=\u00a0\u00bb1\/1&Prime; tablet_width_inherit=\u00a0\u00bbdefault\u00a0\u00bb animation_type=\u00a0\u00bbdefault\u00a0\u00bb bg_image_animation=\u00a0\u00bbnone\u00a0\u00bb border_type=\u00a0\u00bbsimple\u00a0\u00bb column_border_width=\u00a0\u00bbnone\u00a0\u00bb column_border_style=\u00a0\u00bbsolid\u00a0\u00bb][vc_column_text text_direction=\u00a0\u00bbdefault\u00a0\u00bb] MENTIONS L\u00c9GALES...\" \/>\n<meta property=\"og:url\" content=\"https:\/\/essrhumatologie.fr\/littoral\/mentions-legales\/\" \/>\n<meta property=\"og:site_name\" content=\"ESS Rhumatologie du Littoral\" \/>\n<meta property=\"article:modified_time\" content=\"2024-08-12T12:00:46+00:00\" \/>\n<meta property=\"og:image\" content=\"https:\/\/essrhumatologie.fr\/littoral\/wp-content\/uploads\/2024\/08\/DEF-CARRE1-e1723463668458.png\" \/>\n<meta name=\"twitter:card\" content=\"summary_large_image\" \/>\n<script type=\"application\/ld+json\" class=\"yoast-schema-graph\">{\"@context\":\"https:\\\/\\\/schema.org\",\"@graph\":[{\"@type\":\"WebPage\",\"@id\":\"https:\\\/\\\/essrhumatologie.fr\\\/littoral\\\/mentions-legales\\\/\",\"url\":\"https:\\\/\\\/essrhumatologie.fr\\\/littoral\\\/mentions-legales\\\/\",\"name\":\"Mentions l\u00e9gales - ESS Rhumatologie du Littoral\",\"isPartOf\":{\"@id\":\"https:\\\/\\\/essrhumatologie.fr\\\/littoral\\\/#website\"},\"primaryImageOfPage\":{\"@id\":\"https:\\\/\\\/essrhumatologie.fr\\\/littoral\\\/mentions-legales\\\/#primaryimage\"},\"image\":{\"@id\":\"https:\\\/\\\/essrhumatologie.fr\\\/littoral\\\/mentions-legales\\\/#primaryimage\"},\"thumbnailUrl\":\"https:\\\/\\\/essrhumatologie.fr\\\/littoral\\\/wp-content\\\/uploads\\\/2024\\\/08\\\/DEF-CARRE1-e1723463668458.png\",\"datePublished\":\"2024-07-10T15:43:41+00:00\",\"dateModified\":\"2024-08-12T12:00:46+00:00\",\"breadcrumb\":{\"@id\":\"https:\\\/\\\/essrhumatologie.fr\\\/littoral\\\/mentions-legales\\\/#breadcrumb\"},\"inLanguage\":\"fr-FR\",\"potentialAction\":[{\"@type\":\"ReadAction\",\"target\":[\"https:\\\/\\\/essrhumatologie.fr\\\/littoral\\\/mentions-legales\\\/\"]}]},{\"@type\":\"ImageObject\",\"inLanguage\":\"fr-FR\",\"@id\":\"https:\\\/\\\/essrhumatologie.fr\\\/littoral\\\/mentions-legales\\\/#primaryimage\",\"url\":\"https:\\\/\\\/essrhumatologie.fr\\\/littoral\\\/wp-content\\\/uploads\\\/2024\\\/08\\\/DEF-CARRE1-e1723463668458.png\",\"contentUrl\":\"https:\\\/\\\/essrhumatologie.fr\\\/littoral\\\/wp-content\\\/uploads\\\/2024\\\/08\\\/DEF-CARRE1-e1723463668458.png\",\"width\":1037,\"height\":692},{\"@type\":\"BreadcrumbList\",\"@id\":\"https:\\\/\\\/essrhumatologie.fr\\\/littoral\\\/mentions-legales\\\/#breadcrumb\",\"itemListElement\":[{\"@type\":\"ListItem\",\"position\":1,\"name\":\"Accueil\",\"item\":\"https:\\\/\\\/essrhumatologie.fr\\\/littoral\\\/\"},{\"@type\":\"ListItem\",\"position\":2,\"name\":\"Mentions l\u00e9gales\"}]},{\"@type\":\"WebSite\",\"@id\":\"https:\\\/\\\/essrhumatologie.fr\\\/littoral\\\/#website\",\"url\":\"https:\\\/\\\/essrhumatologie.fr\\\/littoral\\\/\",\"name\":\"ESS Rhumatologie du Littoral\",\"description\":\"Pour fluidifier l&#039;offre de soins\",\"publisher\":{\"@id\":\"https:\\\/\\\/essrhumatologie.fr\\\/littoral\\\/#organization\"},\"potentialAction\":[{\"@type\":\"SearchAction\",\"target\":{\"@type\":\"EntryPoint\",\"urlTemplate\":\"https:\\\/\\\/essrhumatologie.fr\\\/littoral\\\/?s={search_term_string}\"},\"query-input\":{\"@type\":\"PropertyValueSpecification\",\"valueRequired\":true,\"valueName\":\"search_term_string\"}}],\"inLanguage\":\"fr-FR\"},{\"@type\":\"Organization\",\"@id\":\"https:\\\/\\\/essrhumatologie.fr\\\/littoral\\\/#organization\",\"name\":\"ESS Rhumatologie du Littoral\",\"url\":\"https:\\\/\\\/essrhumatologie.fr\\\/littoral\\\/\",\"logo\":{\"@type\":\"ImageObject\",\"inLanguage\":\"fr-FR\",\"@id\":\"https:\\\/\\\/essrhumatologie.fr\\\/littoral\\\/#\\\/schema\\\/logo\\\/image\\\/\",\"url\":\"https:\\\/\\\/essrhumatologie.fr\\\/littoral\\\/wp-content\\\/uploads\\\/2024\\\/07\\\/LOGO-ESS-couleur-sans-ombre.jpg\",\"contentUrl\":\"https:\\\/\\\/essrhumatologie.fr\\\/littoral\\\/wp-content\\\/uploads\\\/2024\\\/07\\\/LOGO-ESS-couleur-sans-ombre.jpg\",\"width\":530,\"height\":824,\"caption\":\"ESS Rhumatologie du Littoral\"},\"image\":{\"@id\":\"https:\\\/\\\/essrhumatologie.fr\\\/littoral\\\/#\\\/schema\\\/logo\\\/image\\\/\"},\"sameAs\":[\"https:\\\/\\\/www.linkedin.com\\\/company\\\/ess-rhumatologie-du-littoral\\\/posts\\\/?feedView=all\",\"https:\\\/\\\/www.instagram.com\\\/ess_rhumato\\\/\"]}]}<\/script>\n<!-- \/ Yoast SEO plugin. -->","yoast_head_json":{"title":"Mentions l\u00e9gales - ESS Rhumatologie du Littoral","robots":{"index":"index","follow":"follow","max-snippet":"max-snippet:-1","max-image-preview":"max-image-preview:large","max-video-preview":"max-video-preview:-1"},"canonical":"https:\/\/essrhumatologie.fr\/littoral\/mentions-legales\/","og_locale":"fr_FR","og_type":"article","og_title":"Mentions l\u00e9gales - ESS Rhumatologie du Littoral","og_description":"[vc_row type=\u00a0\u00bbin_container\u00a0\u00bb full_screen_row_position=\u00a0\u00bbmiddle\u00a0\u00bb column_margin=\u00a0\u00bbdefault\u00a0\u00bb column_direction=\u00a0\u00bbdefault\u00a0\u00bb column_direction_tablet=\u00a0\u00bbdefault\u00a0\u00bb column_direction_phone=\u00a0\u00bbdefault\u00a0\u00bb scene_position=\u00a0\u00bbcenter\u00a0\u00bb text_color=\u00a0\u00bbdark\u00a0\u00bb text_align=\u00a0\u00bbleft\u00a0\u00bb row_border_radius=\u00a0\u00bbnone\u00a0\u00bb row_border_radius_applies=\u00a0\u00bbbg\u00a0\u00bb overflow=\u00a0\u00bbvisible\u00a0\u00bb overlay_strength=\u00a0\u00bb0.3&Prime; gradient_direction=\u00a0\u00bbleft_to_right\u00a0\u00bb shape_divider_position=\u00a0\u00bbbottom\u00a0\u00bb bg_image_animation=\u00a0\u00bbnone\u00a0\u00bb][vc_column column_padding=\u00a0\u00bbno-extra-padding\u00a0\u00bb column_padding_tablet=\u00a0\u00bbinherit\u00a0\u00bb column_padding_phone=\u00a0\u00bbinherit\u00a0\u00bb column_padding_position=\u00a0\u00bball\u00a0\u00bb column_element_direction_desktop=\u00a0\u00bbdefault\u00a0\u00bb column_element_spacing=\u00a0\u00bbdefault\u00a0\u00bb desktop_text_alignment=\u00a0\u00bbdefault\u00a0\u00bb tablet_text_alignment=\u00a0\u00bbdefault\u00a0\u00bb phone_text_alignment=\u00a0\u00bbdefault\u00a0\u00bb background_color_opacity=\u00a0\u00bb1&Prime; background_hover_color_opacity=\u00a0\u00bb1&Prime; column_backdrop_filter=\u00a0\u00bbnone\u00a0\u00bb column_shadow=\u00a0\u00bbnone\u00a0\u00bb column_border_radius=\u00a0\u00bbnone\u00a0\u00bb column_link_target=\u00a0\u00bb_self\u00a0\u00bb column_position=\u00a0\u00bbdefault\u00a0\u00bb gradient_direction=\u00a0\u00bbleft_to_right\u00a0\u00bb overlay_strength=\u00a0\u00bb0.3&Prime; width=\u00a0\u00bb1\/1&Prime; tablet_width_inherit=\u00a0\u00bbdefault\u00a0\u00bb animation_type=\u00a0\u00bbdefault\u00a0\u00bb bg_image_animation=\u00a0\u00bbnone\u00a0\u00bb border_type=\u00a0\u00bbsimple\u00a0\u00bb column_border_width=\u00a0\u00bbnone\u00a0\u00bb column_border_style=\u00a0\u00bbsolid\u00a0\u00bb][vc_column_text text_direction=\u00a0\u00bbdefault\u00a0\u00bb] MENTIONS L\u00c9GALES...","og_url":"https:\/\/essrhumatologie.fr\/littoral\/mentions-legales\/","og_site_name":"ESS Rhumatologie du Littoral","article_modified_time":"2024-08-12T12:00:46+00:00","og_image":[{"url":"https:\/\/essrhumatologie.fr\/littoral\/wp-content\/uploads\/2024\/08\/DEF-CARRE1-e1723463668458.png","type":"","width":"","height":""}],"twitter_card":"summary_large_image","schema":{"@context":"https:\/\/schema.org","@graph":[{"@type":"WebPage","@id":"https:\/\/essrhumatologie.fr\/littoral\/mentions-legales\/","url":"https:\/\/essrhumatologie.fr\/littoral\/mentions-legales\/","name":"Mentions l\u00e9gales - ESS Rhumatologie du Littoral","isPartOf":{"@id":"https:\/\/essrhumatologie.fr\/littoral\/#website"},"primaryImageOfPage":{"@id":"https:\/\/essrhumatologie.fr\/littoral\/mentions-legales\/#primaryimage"},"image":{"@id":"https:\/\/essrhumatologie.fr\/littoral\/mentions-legales\/#primaryimage"},"thumbnailUrl":"https:\/\/essrhumatologie.fr\/littoral\/wp-content\/uploads\/2024\/08\/DEF-CARRE1-e1723463668458.png","datePublished":"2024-07-10T15:43:41+00:00","dateModified":"2024-08-12T12:00:46+00:00","breadcrumb":{"@id":"https:\/\/essrhumatologie.fr\/littoral\/mentions-legales\/#breadcrumb"},"inLanguage":"fr-FR","potentialAction":[{"@type":"ReadAction","target":["https:\/\/essrhumatologie.fr\/littoral\/mentions-legales\/"]}]},{"@type":"ImageObject","inLanguage":"fr-FR","@id":"https:\/\/essrhumatologie.fr\/littoral\/mentions-legales\/#primaryimage","url":"https:\/\/essrhumatologie.fr\/littoral\/wp-content\/uploads\/2024\/08\/DEF-CARRE1-e1723463668458.png","contentUrl":"https:\/\/essrhumatologie.fr\/littoral\/wp-content\/uploads\/2024\/08\/DEF-CARRE1-e1723463668458.png","width":1037,"height":692},{"@type":"BreadcrumbList","@id":"https:\/\/essrhumatologie.fr\/littoral\/mentions-legales\/#breadcrumb","itemListElement":[{"@type":"ListItem","position":1,"name":"Accueil","item":"https:\/\/essrhumatologie.fr\/littoral\/"},{"@type":"ListItem","position":2,"name":"Mentions l\u00e9gales"}]},{"@type":"WebSite","@id":"https:\/\/essrhumatologie.fr\/littoral\/#website","url":"https:\/\/essrhumatologie.fr\/littoral\/","name":"ESS Rhumatologie du Littoral","description":"Pour fluidifier l&#039;offre de soins","publisher":{"@id":"https:\/\/essrhumatologie.fr\/littoral\/#organization"},"potentialAction":[{"@type":"SearchAction","target":{"@type":"EntryPoint","urlTemplate":"https:\/\/essrhumatologie.fr\/littoral\/?s={search_term_string}"},"query-input":{"@type":"PropertyValueSpecification","valueRequired":true,"valueName":"search_term_string"}}],"inLanguage":"fr-FR"},{"@type":"Organization","@id":"https:\/\/essrhumatologie.fr\/littoral\/#organization","name":"ESS Rhumatologie du Littoral","url":"https:\/\/essrhumatologie.fr\/littoral\/","logo":{"@type":"ImageObject","inLanguage":"fr-FR","@id":"https:\/\/essrhumatologie.fr\/littoral\/#\/schema\/logo\/image\/","url":"https:\/\/essrhumatologie.fr\/littoral\/wp-content\/uploads\/2024\/07\/LOGO-ESS-couleur-sans-ombre.jpg","contentUrl":"https:\/\/essrhumatologie.fr\/littoral\/wp-content\/uploads\/2024\/07\/LOGO-ESS-couleur-sans-ombre.jpg","width":530,"height":824,"caption":"ESS Rhumatologie du Littoral"},"image":{"@id":"https:\/\/essrhumatologie.fr\/littoral\/#\/schema\/logo\/image\/"},"sameAs":["https:\/\/www.linkedin.com\/company\/ess-rhumatologie-du-littoral\/posts\/?feedView=all","https:\/\/www.instagram.com\/ess_rhumato\/"]}]}},"_links":{"self":[{"href":"https:\/\/essrhumatologie.fr\/littoral\/wp-json\/wp\/v2\/pages\/7268","targetHints":{"allow":["GET"]}}],"collection":[{"href":"https:\/\/essrhumatologie.fr\/littoral\/wp-json\/wp\/v2\/pages"}],"about":[{"href":"https:\/\/essrhumatologie.fr\/littoral\/wp-json\/wp\/v2\/types\/page"}],"author":[{"embeddable":true,"href":"https:\/\/essrhumatologie.fr\/littoral\/wp-json\/wp\/v2\/users\/1"}],"replies":[{"embeddable":true,"href":"https:\/\/essrhumatologie.fr\/littoral\/wp-json\/wp\/v2\/comments?post=7268"}],"version-history":[{"count":14,"href":"https:\/\/essrhumatologie.fr\/littoral\/wp-json\/wp\/v2\/pages\/7268\/revisions"}],"predecessor-version":[{"id":8010,"href":"https:\/\/essrhumatologie.fr\/littoral\/wp-json\/wp\/v2\/pages\/7268\/revisions\/8010"}],"wp:attachment":[{"href":"https:\/\/essrhumatologie.fr\/littoral\/wp-json\/wp\/v2\/media?parent=7268"}],"curies":[{"name":"wp","href":"https:\/\/api.w.org\/{rel}","templated":true}]}}